ppose v*k + 4*j = 1168, 4*k = -3*j + 2*j + 1540. Let z = -221 + k. Is z a composite number?
False
Suppose -2*k + 5*z = -3878, -2*z - 5839 = -3*k - 0*z. Is k prime?
True
Let f(j) = 63*j**2 + 2*j + 4 - 6 - 2 + 3. Let r be f(-3). Let v = r + -75. Is v composite?
True
Suppose 3*n = -k + 16, 8*k = 3*n + 3*k + 8. Let y be (-1)/n - 23/4. Is (2487/y)/(2/(-4)) prime?
True
Suppose -2*v - 3*v - d = -24, -15 = -2*v + 5*d. Let w(f) = f**2 - 4*f. Let p(z) = 6*z**2 - 21*z. Let b(o) = 2*p(o) - 11*w(o). Is b(v) a prime number?
False
Let r = -7365 - -10642. Is r a prime number?
False
Let r(w) = 4*w**2 + 2*w - 1. Let x be r(-5). Suppose c - x - 437 = 0. Suppose 5*f = -2*h + 745, -c = -5*f - 5*h + 219. Is f prime?
True
Let c be (-75)/(-2)*348/(-18). Let h = -220 - c. Is h a prime number?
False
Is (-3052)/(-12) + (1/(-3))/1 prime?
False
Let p = -21 - -30. Let s = 21 - p. Suppose -243 + s = -3*y. Is y composite?
True
Let i = -16 + 24. Suppose 0*n + 4 = -n. Is ((-235)/n)/(2/i) prime?
False
Let f = 25592 - 5271. Is f composite?
True
Suppose -19531 = -4*a + 3*b - 4083, -a - 3*b + 3862 = 0. Is a composite?
True
Suppose 2*h - 1854 = -0*h. Let s = h + -532. Is s composite?
True
Let v(p) = 26685*p - 260. Is v(3) composite?
True
Suppose -9*p - 1570 = -19*p. Is p composite?
False
Suppose -5*y + 12*y - 27013 = 0. Is y prime?
False
Let l(s) = -3*s**3 - s. Let n be l(-1). Suppose 4*t - n*r = 0, t + 2*r + r = 12. Suppose -t*y - y = -1628. Is y a prime number?
False
Suppose 0 = -2*n - 0 + 6. Suppose -2*d = -n*d + 55. Is d a composite number?
True
Suppose -2*f - 5*c = 0, -2*f - 3*c + 0 = 4. Is (-4108)/(-6) + ((-15)/9)/f composite?
True
Suppose 2*t - 34 - 8 = 0. Let l be t - (-2)/((-2)/2). Suppose 46 + l = 5*b. Is b composite?
False
Suppose -2*q + 16 = 3*t, -15 = -3*q - 2*t + 4. Suppose 0 = 4*m, 3*v - 1131 = q*m + 627. Is v prime?
False
Let b(l) = l**3 - 10*l**2 - 9*l - 20. Let a be b(11). Suppose 0 = -3*v, -a*y + 2564 = 2*y + 2*v. Is y a prime number?
True
Let h(o) = -216*o**2 - 11*o + 22. Let j(p) = 72*p**2 + 4*p - 7. Let c(t) = -3*h(t) - 8*j(t). Is c(3) composite?
False
Let d = -5745 + 18118. Is d composite?
False
Suppose g = -m + 2*m + 362, -5*m = 4*g - 1466. Let s = 135 + g. Is s a prime number?
True
Let d(r) = 17*r**2 - 11*r - 13. Let m be d(-6). Suppose 5*s - 990 = m. Is s a composite number?
False
Is 0/(-1 - (-5 + 5)) - -2053 prime?
True
Suppose -7*p = -2*p - 3330. Let j = p - 34. Suppose -4*i + j = -w, 3*i - w - 567 + 92 = 0. Is i composite?
False
Let i = 2 - 12. Is 3/(5/i*6/(-633)) a composite number?
True
Suppose -5*u - 7*u + 24 = 0. Suppose -g + 1850 = 5*k - 4085, k - 1187 = u*g. Is k a prime number?
True
Suppose 6*t - 3141 = 24225. Is t composite?
False
Is 68194/(-2)*(-87)/609 composite?
False
Is 2/(-24)*9*(-27728)/6 a composite number?
True
Let x(u) = -2 - u + 3*u + 3 - 2 + 8*u**2. Let q be x(4). Is 3 + q + 2 + -1 prime?
True
Let p(u) = 919*u - 270. Is p(7) a prime number?
True
Suppose -2*c - 54 = -2*u + 638, -4*u + c = -1399. Let v = u - -96. Is v a composite number?
True
Suppose 0 = -2*q + w + 2392, 0 = q - 0*w - 4*w - 1210. Is ((q/8)/3)/(23/92) prime?
True
Suppose 671 = -d + 174. Let c(j) = 13*j**3 + j**2 + 4*j + 4. Let h be c(4). Let m = d + h. Is m a prime number?
False
Suppose 0 = 3*j - 6*j + 2*j. Is 55 + (-48)/(-16)*(1 + j) a composite number?
True
Let f(x) = -5*x**3 - 20*x**2 - 12*x + 33. Is f(-12) composite?
True
Let p(x) = 146*x + 9. Let f be p(3). Suppose w + 2*q = f, -3*q - 721 - 1540 = -5*w. Is w a composite number?
True
Let c = 17 + -17. Suppose 4*b - 849 - 475 = c. Is b composite?
False
Suppose 3*p = 4*u + 33579, -12*p + 15*p - 33585 = 2*u. Is p composite?
False
Suppose -2*r + r - 7 = 3*a, -4*r = -a - 24. Suppose -r*s + 4019 - 1482 = -4*q, 5*q - 2005 = -4*s. Is s a composite number?
True
Let w(g) = -10 - 8 + 25 - 51*g. Is w(-8) a composite number?
True
Suppose 27*f - 86324 = 456079. Is f a prime number?
True
Let a = -251 - 128. Suppose -3*s + 2*g + 3806 = 0, -s + 0*g + 1271 = -3*g. Let b = a + s. Is b a composite number?
True
Let b = -135 + 354. Suppose -183 - 17 = 4*l. Let n = l + b. Is n prime?
False
Suppose -1244045 = -92*p + 81*p. Is p a prime number?
False
Let z be -4 + 0/1 - (-8196)/4. Suppose -1419 = -5*p + 4*c + 1986, 2*c = 3*p - z. Is p composite?
True
Suppose -3*s = -4*c - 45113, 5*c - 31864 + 1827 = -2*s. Is s composite?
False
Let j(n) = n**3 - 38*n**2 + 8*n + 10. Is j(47) composite?
True
Let o(y) = 107*y**2 + 51*y + 25. Is o(13) a prime number?
False
Is 7326/2 - 16/4 prime?
True
Let k be (-117)/(-2)*(-14)/(-21). Let a(c) = -20*c**3 - c**2 + c. Let r be a(1). Let x = k + r. Is x composite?
False
Suppose -m + 687 = 3*u, 0 = 4*u - 3*m - 327 - 589. Let s = -72 + u. Suppose 5*a - s = 4638. Is a a composite number?
True
Let b be ((-4)/6)/(8/(-12)). Let o be (-1 + b + -1)*123. Let n = o + 214. Is n prime?
False
Let h = -3023 + 6182. Suppose 12*w - h - 1533 = 0. Is w a composite number?
True
Let n be (-3)/(4/(-8) + -1). Let c(a) = 83*a**2 + a - 3. Is c(n) a composite number?
False
Let v be 32/(1 + (-21)/24). Let s(f) = f**2 - 3*f - 26. Let p be s(7). Suppose r + 2 = 0, r + v = p*m - 104. Is m a prime number?
True
Let m = -16350 + 25871. Is m a composite number?
False
Let x(z) = z**3 - 13*z**2 + 14*z - 18. Let a be x(12). Suppose -a = -3*w + 3. Suppose -80 = -5*f + 5*q, w*f - 2*q + 0*q = 51. Is f a prime number?
True
Suppose 0 = 6*d + 2*d - 120. Is d*2/6*23 composite?
True
Suppose 5*l = -4*o + 40243, 0 = 3*o + l - 39328 + 9154. Is o composite?
True
Suppose 73*m = 66*m + 6769. Is m composite?
False
Suppose -z + 2*z = 1. Is (5 + 0)/(z/17) a prime number?
False
Let u(q) = 371*q**3 - q**2 + 1. Let p(c) be the first derivative of c**2/2 + 3*c - 4. Let l be p(-2). Is u(l) composite?
True
Let y = 2395 + 35494. Is y composite?
False
Suppose 4*d + z = 17, -d - 3 = -z - 1. Suppose -2*n = -d*j + 9, 8*j + 4*n - 15 = 3*j. Suppose -5*p - 446 = -2*b, -j*p = -3*b + b + 446. Is b a prime number?
True
Is 2/(-3)*(-2568504)/16 prime?
True
Let a(p) = -p**3 - 9*p**2 + 9*p - 10. Let t be a(-10). Suppose t = 2*b - 622 - 768. Is b a prime number?
False
Let r(b) = 7*b**2 - b - b**2 + 3*b - 4 - 3*b. Is r(-3) composite?
False
Suppose -34*g + 18267 = -31*g. Is g a composite number?
False
Let w be (-7572)/(-7) + 16/56 - 0. Is (0/5 - 2)*w/(-4) prime?
True
Suppose 5*j + 3030 = 5*b, 2*b - 4*b = j + 600. Let w = j - -1235. Is w composite?
False
Let z(t) = t**2 - 8*t + 3. Let c be z(9). Is c/4*(-1 - (-258)/9) composite?
False
Let h(m) = 3*m**3 - 9*m**2 + 7. Suppose p + 2*g + 19 = 0, -g = 3*p - 0*p + 32. Let b be p/(-30)*4*5. Is h(b) prime?
True
Suppose 0 = -4*b + 13550 + 32058. Is b prime?
False
Let f be (-84)/(-16) - (-2)/(-8). Suppose s - 149 = f*u, -2*s + u = -7*s + 771. Is -1*s/(-2 - 0) a prime number?
False
Let n = -75 - -575. Suppose -2*z = 4*q - 1684, -3*z - 69 + n = q. Is q prime?
True
Let x be 2 + (-1 - -4) - 2. Suppose x*y - 4*y = -2*k - 70, 5*k + 175 = 2*y. Is (-6)/3 + 2 - k composite?
True
Let q(o) = -o - 3. Let b be q(-6). Suppose b*p + 453 = -3*s + 5*s, -1167 = -5*s - 4*p. Suppose -5*n + s = -224. Is n prime?
False
Suppose 0 = -m - 5*k + 4604 - 1320, 5*k = 2*m - 6613. Is m a composite number?
False
Let x = -13450 + 19463. Is x a composite number?
True
Suppose 260 = 3*k - 55. Let y = k - 51. Suppose -527 - y = -j. Is j prime?
False
Suppose -905*u = -908*u + 13605. Is u a prime number?
False
Let y(c) = -11*c + 4. Let i be y(-6). Let g be i/(-15)*(-18)/(-7). Is ((-15)/g)/(1/8) a prime number?
False
Let o(t) = 49853*t**2 - 7*t + 7. Is o(1) a prime number?
True
Suppose 139056 = 25*a + 23*a. Is a prime?
True
Let h(g) = g + 1. Let v be h(1). Let o(c) = 4*c + 4*c + 666*c**v - 2*c - 5*c. Is o(1) a prime number?
False
Let l(o) = 8*o**3 - 4*o**2 - 4*o + 9. Suppose 5*i = -3*x + 40, 4*i = 5*x - i. Is l(x) a prime number?
False
Let m(l) = -l**3 + 70*l**2 - 137*l - 297. Is m(67) prime?
False
Suppose -465878 - 670004 = -22*f. Is f prime?
True
Let b(o) = o - 1. Let v(w) = 19*w. Let s(n) = 5*b(n) - v(n). Let f be -9 + (2 + -3)*-3. Is s(f) a composite number?
False
Let b(z) = -z + 2. Let d be b(2). Suppose -5*g = -d + 15. Let q(a) = -19*a + 2. Is q(g) composite?
False
Let r be (-1977)/2*2/3. Let z = r - -1078. Is z a prime number?
True
Let l(y) = -2*y**3 + 79*y**2 - 39*y - 93. Is l(3